/(-4))/(x/f).
4
Suppose -6*k = -k - 5. Let m(a) = -3*a + 1. Let n be m(k). Calculate the remainder when 113 is divided by (-29)/n*(-9 + 11).
26
Let z be (((-9)/2)/(-3))/(14/28). What is the remainder when 12/4 + 47 - (0 - z) is divided by 14?
11
Suppose -j + 0*j + 4 = 0. Let x be (-20)/(-8) + 6/j. Suppose -c + 5*y + 93 = 0, x*y + 15 = -y. What is the remainder when c is divided by 20?
18
Let g = 67 + -348. What is the remainder when 7 + 100/(-16) + g/(-4) is divided by 9?
8
Suppose 1816 = 27*q + 898. Let w be -2 - (-1 + 1 + -34). Suppose -2*g + w = 2*z, -4*g + 12 = -g. Calculate the remainder when q is divided by z.
10
Suppose 4*y - 205 = -5*j, -5*y = -4*j - 352 + 106. Calculate the remainder when y is divided by (-6)/18 - (-1624)/84.
12
Let i(p) = -11*p - 8. Let b(u) = u**2 + 3*u - 3. What is the remainder when i(-5) is divided by b(-5)?
5
Let f = 46 + -40. What is the remainder when 31*3 - f/(-6) is divided by 24?
22
Suppose -16 = -s + 8. Let m = 26 - s. Suppose -4 = -2*k - 4*l, 0 = -2*k - m*l + 7*l + 31. What is the remainder when 15 is divided by k?
7
Calculate the remainder when 0 + 70 + (-6 - (-18)/9) is divided by 6.
0
Let t = -379 - -447. What is the remainder when t is divided by 26?
16
Suppose l - 2 = 2. Suppose -5*p - 10 = 3*b, 0*b - 5*b - l*p = 8. Suppose b = i - 19 - 19. Calculate the remainder when i is divided by 13.
12
Suppose 5*c = 2*y - 0*c - 129, 3*y - c - 174 = 0. What is the remainder when 69 is divided by y?
12
Suppose -m + 4*y = 2, -m - 5*y + 23 - 16 = 0. Suppose 2*t + 66 = 8*t. Calculate the remainder when t is divided by m.
1
Suppose 0 = i + 3*h - 7 - 5, -5*i - h = -88. Suppose 0 = 2*m + 5*d - 53, 74*m = 75*m + d - 31. What is the remainder when m is divided by i?
16
Suppose -6*z + 7*z - 169 = 0. What is the remainder when z is divided by 59?
51
Suppose b + b = 20. Suppose 9*f = 4*f - b. What is the remainder when (-382)/(-14) + f/7 is divided by 14?
13
Suppose -62 = 30*a - 392. Let z(o) = -o**2 + o + 4. Let h be z(0). Suppose 3*t - 5*r = -0*r + 16, 0 = -4*r + h. Calculate the remainder when a is divided by t.
4
Let r(x) be the second derivative of x**4/2 - 7*x**3/6 + 3*x**2 - 3*x. Suppose 5*j + 70 = 225. Calculate the remainder when r(5) is divided by j.
28
Let l(q) be the second derivative of -q**4/12 + q**3 + 3*q**2/2 + q. Let t be l(6). Suppose t*c - 12 = c. Calculate the remainder when 11 is divided by c.
5
Suppose -1592*z - 17 = -1593*z. What is the remainder when z is divided by (-2)/(-1) + 1 + 0?
2
Let h(f) = 31*f**2 - 2*f - 1. Let a be h(-1). Let o = a - 14. Calculate the remainder when 50 is divided by o.
14
Let b be 3/(-2)*(-3 - -1). Suppose 0 = -4*c + 3*c + b*p - 6, 0 = c - 2*p + 1. What is the remainder when c is divided by (-2)/(-7) + (-80)/(-14)?
3
Let z be ((-19)/(-38))/(2/16). Let g = 11 - z. What is the remainder when 33 is divided by g?
5
Let l = 13 + 1. Suppose -70*s + 74*s - 272 = -4*i, 3*s - 342 = -5*i. What is the remainder when i is divided by l?
13
Let g(w) = w**3 - 5*w**2 + 6*w - 1. Let k be g(4). Let x(j) = -j**2 + 8*j - 3. What is the remainder when x(k) is divided by (2/4)/((-3)/(-12))?
0
Suppose 0 = -7*v - 34*v + 1107. Calculate the remainder when 214 is divided by v.
25
Let j(x) = 3*x**2 + 12*x + 1. Let i be j(-7). Suppose i = -t + 9*t. Calculate the remainder when 23 is divided by t.
7
Let l(z) = -2*z + 3*z**2 - 1 + 4*z + 0 + 13*z**2. Calculate the remainder when 49 is divided by l(1).
15
Let h(w) = w**3 + 20*w**2 + 42*w - 1. Calculate the remainder when 466 is divided by h(-17).
10
Suppose 10 = 5*t - 2*w, 4*w - 23 = -3. Suppose t*i + 2*i = 282. Let z = -12 - -24. Calculate the remainder when i is divided by z.
11
Let t be 0*(-1 + (-4)/(-3)). Suppose t*v = -3*v - 4*j + 11, 0 = 2*v + 2*j - 10. Calculate the remainder when 24 is divided by v.
6
Let v(d) = 101*d**2 - 28*d + 1. What is the remainder when v(1) is divided by 16?
10
Suppose -80 = -4*r - r. Suppose -a + r = -15. Suppose 0*n + 32 = 2*n. Calculate the remainder when a is divided by n.
15
Let j = 4 + 44. Let s = 275 - 261. Calculate the remainder when j is divided by s.
6
Suppose -2*l + 7 = 4*w - 3, -2*l = 2. Suppose 4*r + 5 = -r, -3*i - w*r + 204 = 0. Calculate the remainder when i is divided by 9.
6
Suppose -2*s = 5*s - 203. Let n = s - 25. Suppose 4*q - 3*q - n*w - 6 = 0, -w = 4*q - 7. Calculate the remainder when 8 is divided by q.
0
Suppose 0 = -9*x + 566 - 71. What is the remainder when -2*x/(-4)*8/20 is divided by 8?
3
Let a = -74 + 77. What is the remainder when ((-1)/a)/(-1) - 4976/(-48) is divided by 27?
23
Calculate the remainder when 88 is divided by (-7)/(14/45)*(-3 + 1).
43
Let i = -5222 - -5234. Suppose 5*k - 283 = -58. What is the remainder when k is divided by i?
9
Let x = 587 + -564. Calculate the remainder when 248 is divided by x.
18
Suppose 5*m - 308 = -4*g, 11*m - 8*m + 3*g - 186 = 0. What is the remainder when 170 is divided by m?
50
Suppose -4*d = 5*z - 635 + 465, 3*z + 6 = 0. Let t be 14 - (-2 - -3 - 0). Suppose 3*g - t = 11. Calculate the remainder when d is divided by g.
5
What is the remainder when -4 + 56 + (-35)/7 is divided by 12?
11
Suppose 0 = b - 4*b + 5*o + 61, -5*b = -2*o - 127. Let r = 164 + -58. What is the remainder when r is divided by b?
25
Suppose -5*f + 5*o = -305, -41*f - 5*o - 243 = -45*f. Calculate the remainder when 287 is divided by f.
39
Let t = 429 - 347. What is the remainder when t is divided by 26?
4
Let r = -367 + 405. Let n(t) = 2*t**2 - t. Let u be n(1). Calculate the remainder when r is divided by (u - 4)*20/(-3).
18
Suppose 4*x + 30 - 178 = 2*t, 0 = -2*t. Let o = 0 - -13. Calculate the remainder when x is divided by o.
11
What is the remainder when 181 is divided by (-2)/9*-69*3?
43
Let v(t) = t**3 + 6*t**2 - t. Let z = 14 + -5. Suppose -5*l + z*l - 32 = 0. Calculate the remainder when v(-5) is divided by l.
6
Suppose -8*a = 561 - 665. Suppose 22 = -0*x + 2*x. What is the remainder when a is divided by x?
2
Suppose 3*z = -8*o + 3*o - 69, -o = 4*z + 7. Calculate the remainder when (4 - o/(-3))/((-2)/194) is divided by 20.
17
Suppose -9*f = -203 - 22. Suppose 2*g + 5*c = 37, f = -4*g - c + 72. Calculate the remainder when 54 is divided by g.
10
Suppose 5*o - v = 210, -2*o + 123 = -v + 42. Let u = -19 + o. What is the remainder when 69 is divided by u?
21
Suppose -192 = -3*f - f. Suppose 2*u - 4*u = 60. Let g = u - -55. Calculate the remainder when f is divided by g.
23
Suppose -2*q = -3*n + 29, -3*n + 3*q + 2*q = -32. Suppose -4*h = -23 - n. Let j(x) = -x. What is the remainder when h is divided by j(-5)?
3
Let m(z) = -z**3 + 16*z**2 - 39*z + 38. Calculate the remainder when m(11) is divided by 32.
22
Let x = 38 - 28. Suppose -x*p + 4*p = -24. What is the remainder when 19 is divided by p?
3
Suppose 0 = -21*x - 123 + 606. Suppose -l - g + 82 = 0, 7*g - 2*g = -5. What is the remainder when l is divided by x?
14
Calculate the remainder when -1 - 20/(-2) - -46 is divided by 15.
10
Suppose -10 = -4*o + 3*k, 0 = 2*o - 2*k - k - 2. Suppose 3*w = 46 + 5. Calculate the remainder when w is divided by o.
1
Let j(y) = -y**3 + 10*y**2 + 15*y + 3. Calculate the remainder when j(10) is divided by 26.
23
Let l = 119 - 110. What is the remainder when 26 is divided by l?
8
Suppose 0 = -0*z - 4*z + 60. Calculate the remainder when ((-740)/25)/(12/(-30) + 0) is divided by z.
14
Suppose 5*f + 19*o = 16*o + 372, -16 = -4*o. Calculate the remainder when 1582 is divided by f.
70
Suppose 0 = -3*q + 61 - 4. Let y be (-144)/3*(-5)/15. Let d = y - 9. What is the remainder when q is divided by d?
5
Let c = 0 - -37. Let t = 1093 + -1080. Calculate the remainder when c is divided by t.
11
Suppose 3*h + 4*u + 24 = -h, 0 = 3*u + 9. Calculate the remainder when 91 is divided by (h/((-84)/(-208)))/((-2)/7).
13
Suppose 3*g + q - 14 = 0, -6*g = -4*g - 3*q - 24. Calculate the remainder when 94 is divided by g.
4
Suppose -i + 342 + 94 = -3*y, 4*i - 4*y - 1760 = 0. Calculate the remainder when i is divided by 25.
17
Suppose -v - 179 = -46. Let q = -93 - v. Suppose r + q = 110. Calculate the remainder when r is divided by 12.
10
Let u(b) = -4*b + b + 0*b**2 - 7 + b**2 + 5. Let n be u(8). Let l = -6 + n. What is the remainder when l is divided by 17?
15
Let g be -9*(10/(-3) - -3). Let i be 1*g + (9 - 12). Suppos